{"id":15,"date":"2018-04-01T14:14:07","date_gmt":"2018-04-01T14:14:07","guid":{"rendered":"https:\/\/sidor.net.pl\/ivaiilo\/?page_id=15"},"modified":"2018-06-28T23:12:09","modified_gmt":"2018-06-28T21:12:09","slug":"start","status":"publish","type":"page","link":"https:\/\/sidor.net.pl\/ivaiilo\/start\/","title":{"rendered":"Start"},"content":{"rendered":"<p>&nbsp;<\/p>\n<p>Je\u015bli nale\u017cysz do naszej spo\u0142eczno\u015bci i chcesz uzyska\u0107 dost\u0119p do tre\u015bci prywatnych, skontaktuj si\u0119 poprzez e-mail (<a href=\"mailto: webadmin@sidor.net.pl\" target=\"_blank\" rel=\"noopener\"><span style=\"color: #0000ff;\">klikaj\u0105c w ten link<\/span><\/a>) z <strong>Arturem (S)<\/strong> &#8211; administratorem strony, w celu utworzenia konta u\u017cytkownika.<\/p>\n<p>Nasza wsp\u00f3lna historia trwa\u0142a 4 lata, a zacz\u0119\u0142a si\u0119 w 1984 roku w Lublinie.<\/p>\n<p>W 1988 zdawali\u015bmy matur\u0119 w <a href=\"http:\/\/lo2.lublin.eu\/\">Zamoy\u2019u<\/a>, potem nasze \u015bcie\u017cki rozesz\u0142y si\u0119 w przewa\u017caj\u0105cej cz\u0119\u015bci.<\/p>\n<p>Po 30 latach od matury postanowili\u015bmy to spontanicznie uczci\u0107.<\/p>\n<p>Masz ju\u017c konto i chcesz si\u0119 zalogowa\u0107?<\/p>\n<p>Przejd\u017a tu: <strong><a href=\"https:\/\/sidor.net.pl\/ivaiilo\/wp-login.php\">LOGOWANIE<\/a><\/strong><\/p>\n","protected":false},"excerpt":{"rendered":"<p>&nbsp; Je\u015bli nale\u017cysz do naszej spo\u0142eczno\u015bci i chcesz uzyska\u0107 dost\u0119p do tre\u015bci prywatnych, skontaktuj si\u0119 poprzez e-mail (klikaj\u0105c w ten link) z Arturem (S) &#8211; administratorem strony, w celu utworzenia konta u\u017cytkownika. Nasza wsp\u00f3lna historia trwa\u0142a 4 lata, a zacz\u0119\u0142a si\u0119 w 1984 roku w Lublinie. W 1988 zdawali\u015bmy matur\u0119 w Zamoy\u2019u, potem nasze \u015bcie\u017cki [&hellip;]<\/p>\n","protected":false},"author":32,"featured_media":76,"parent":0,"menu_order":0,"comment_status":"closed","ping_status":"closed","template":"page-fullwidth.php","meta":{"footnotes":""},"class_list":["post-15","page","type-page","status-publish","has-post-thumbnail","hentry"],"_links":{"self":[{"href":"https:\/\/sidor.net.pl\/ivaiilo\/wp-json\/wp\/v2\/pages\/15","targetHints":{"allow":["GET"]}}],"collection":[{"href":"https:\/\/sidor.net.pl\/ivaiilo\/wp-json\/wp\/v2\/pages"}],"about":[{"href":"https:\/\/sidor.net.pl\/ivaiilo\/wp-json\/wp\/v2\/types\/page"}],"author":[{"embeddable":true,"href":"https:\/\/sidor.net.pl\/ivaiilo\/wp-json\/wp\/v2\/users\/32"}],"replies":[{"embeddable":true,"href":"https:\/\/sidor.net.pl\/ivaiilo\/wp-json\/wp\/v2\/comments?post=15"}],"version-history":[{"count":12,"href":"https:\/\/sidor.net.pl\/ivaiilo\/wp-json\/wp\/v2\/pages\/15\/revisions"}],"predecessor-version":[{"id":260,"href":"https:\/\/sidor.net.pl\/ivaiilo\/wp-json\/wp\/v2\/pages\/15\/revisions\/260"}],"wp:featuredmedia":[{"embeddable":true,"href":"https:\/\/sidor.net.pl\/ivaiilo\/wp-json\/wp\/v2\/media\/76"}],"wp:attachment":[{"href":"https:\/\/sidor.net.pl\/ivaiilo\/wp-json\/wp\/v2\/media?parent=15"}],"curies":[{"name":"wp","href":"https:\/\/api.w.org\/{rel}","templated":true}]}}